{"id":140,"date":"2010-11-27T23:16:00","date_gmt":"2010-11-27T23:16:00","guid":{"rendered":"http:\/\/www.garbici.com\/?page_id=140"},"modified":"2012-07-04T23:12:37","modified_gmt":"2012-07-04T21:12:37","slug":"el-origen-de-la-pena","status":"publish","type":"page","link":"https:\/\/garbici.com\/?page_id=140","title":{"rendered":"El origen de la pe\u00f1a"},"content":{"rendered":"<div style=\"text-align: justify;\">GARBICI naci\u00f3 en la primavera de 2002 de un grupo de amigos que nos di\u00f3 por salir con nuestras biciclesta de monta\u00f1a por el t\u00e9rmino municipal de Estivella. Poco a poco fuimos ampliando nuestras salidas siempre dentro de nuestra humilde forma f\u00edsica. A lo largo del verano del 2002 la mejora f\u00edsica y t\u00e9cnica fue haciendo acto de presencia entre nosotros, pero lo que puede ser que ayud\u00f3 mucho a seguir con esto fue el estar en contacto directo con la naturaleza, ya que era la BTT, el medio saludable, divertido y ecol\u00f3gico para acercarnos a rincones tan pr\u00f3ximos y bonitos de nuestro t\u00e9rmino municipal. Con la llegada del oto\u00f1o las horas de sol escaseaban as\u00ed que nuestras salidas, casi diarias, se convirtieron en salidas de fin de semana esperando la llegada de la primavera del 2003.<\/div>\n<div style=\"text-align: justify;\">2004 ya fue un a\u00f1o m\u00e1s rutero, se organizaron salidas a comarcas como Els Serrans, Alto Palancia, Serra Espad\u00e0, Utiel-Requena, Serra de Mariola, Camp de Turia y algunas m\u00e1s. Durante 2005 y 2006 se mantubo lo que significa BTT entre nosotros. PASAR UN BUEN RATO HACIENDO DEPORTE ENTRE NATURALEZA Y AMIGOS.<\/div>\n<div class=\"separator\" style=\"clear: both; text-align: center;\"><a href=\"http:\/\/farnau.webs.upv.es\/Garbici\/wp-content\/uploads\/2010\/11\/MIQUEL2.jpg\"><img loading=\"lazy\" decoding=\"async\" class=\"aligncenter size-full wp-image-1776\" title=\"MIQUEL2\" src=\"http:\/\/farnau.webs.upv.es\/Garbici\/wp-content\/uploads\/2010\/11\/MIQUEL2.jpg\" alt=\"\" width=\"615\" height=\"461\" srcset=\"https:\/\/garbici.com\/Garbici\/wp-content\/uploads\/2010\/11\/MIQUEL2.jpg 615w, https:\/\/garbici.com\/Garbici\/wp-content\/uploads\/2010\/11\/MIQUEL2-300x224.jpg 300w, https:\/\/garbici.com\/Garbici\/wp-content\/uploads\/2010\/11\/MIQUEL2-600x450.jpg 600w\" sizes=\"auto, (max-width: 615px) 100vw, 615px\" \/><\/a><\/div>\n<div style=\"text-align: justify;\">MIGUEL ANGEL SORIANO RENAU fue quien fund\u00f3 esta pe\u00f1a y el precursor de la web. Fue construida en el a\u00f1o 2002 cuando por propia iniciativa y despu\u00e9s de motivar e iniciar a muchos de nosotros en este deporte de la BTT, deporte que el amaba, como muchos otros que practicaba, como por ejemplo, el senderismo por la naturaleza, un lugar donde el disfrutaba de aire puro, de paisajes y todo aquello que rodea este medio natural.<\/div>\n<div style=\"text-align: justify;\"><\/div>\n<div style=\"text-align: justify;\">Gracias a \u00e9l, y por \u00e9l, nosotros seguimos vinculados a la bicicleta.<\/div>\n<div style=\"text-align: justify;\"><\/div>\n<div style=\"text-align: justify;\">Gracias a \u00e9l por habernos hecho pasar tantos momentos inolvidables all\u00e1 por donde \u00edbamos.<\/div>\n<div style=\"text-align: justify;\">Todos tenemos el orgullo de tenerlo como amigo, como compa\u00f1ero, por ser una persona como el era, fabuloso en todos los aspectos de la vida, esa clase de amigo que siempre lo quieres a tu lado.<\/div>\n<div style=\"text-align: justify;\"><\/div>\n<div style=\"text-align: justify;\">Porque hasta \u00faltima hora \u00e9l fue quien \u00e9l era, una persona con mucho valor y una grand\u00edsima entereza.<\/div>\n<div style=\"text-align: justify;\"><\/div>\n<div style=\"text-align: justify;\">Gracias por todo lo que hiciste por nosotros. Nosotros nunca te olvidaremos.<\/div>\n<div style=\"text-align: center;\"><strong>All\u00e1 donde vayamos, siempre estar\u00e1s junto a nosotros.<\/strong><\/div>\n<div style=\"text-align: center;\"><strong><br \/>\n<\/strong><\/div>\n<div style=\"text-align: center;\"><strong>All\u00e1 donde vayamos, siempre pedalear\u00e1s con nosotros.<\/strong><\/div>\n<div style=\"text-align: justify;\"><\/div>\n","protected":false},"excerpt":{"rendered":"<p>GARBICI naci\u00f3 en la primavera de 2002 de un grupo de amigos que nos di\u00f3 por salir con nuestras biciclesta de monta\u00f1a por el t\u00e9rmino municipal de Estivella. Poco a poco fuimos ampliando nuestras salidas siempre dentro de nuestra humilde forma f\u00edsica. A lo largo del verano del 2002 la mejora f\u00edsica y t\u00e9cnica fue&#8230;<\/p>\n","protected":false},"author":3,"featured_media":0,"parent":0,"menu_order":0,"comment_status":"open","ping_status":"closed","template":"","meta":{"ngg_post_thumbnail":0,"_kad_post_transparent":"","_kad_post_title":"","_kad_post_layout":"","_kad_post_sidebar_id":"","_kad_post_content_style":"","_kad_post_vertical_padding":"","_kad_post_feature":"","_kad_post_feature_position":"","_kad_post_header":false,"_kad_post_footer":false,"_kad_post_classname":"","jetpack_post_was_ever_published":false,"footnotes":""},"class_list":["post-140","page","type-page","status-publish","hentry"],"jetpack_sharing_enabled":true,"jetpack_shortlink":"https:\/\/wp.me\/P25PoV-2g","jetpack_likes_enabled":true,"_links":{"self":[{"href":"https:\/\/garbici.com\/index.php?rest_route=\/wp\/v2\/pages\/140","targetHints":{"allow":["GET"]}}],"collection":[{"href":"https:\/\/garbici.com\/index.php?rest_route=\/wp\/v2\/pages"}],"about":[{"href":"https:\/\/garbici.com\/index.php?rest_route=\/wp\/v2\/types\/page"}],"author":[{"embeddable":true,"href":"https:\/\/garbici.com\/index.php?rest_route=\/wp\/v2\/users\/3"}],"replies":[{"embeddable":true,"href":"https:\/\/garbici.com\/index.php?rest_route=%2Fwp%2Fv2%2Fcomments&post=140"}],"version-history":[{"count":0,"href":"https:\/\/garbici.com\/index.php?rest_route=\/wp\/v2\/pages\/140\/revisions"}],"wp:attachment":[{"href":"https:\/\/garbici.com\/index.php?rest_route=%2Fwp%2Fv2%2Fmedia&parent=140"}],"curies":[{"name":"wp","href":"https:\/\/api.w.org\/{rel}","templated":true}]}}

El origen de la peña

<div style="text-align: justify;">GARBICI nació en la primavera de 2002 de un grupo de amigos que nos dió por salir con nuestras biciclesta de montaña por el término municipal de Estivella. Poco a poco fuimos ampliando nuestras salidas siempre dentro de nuestra humilde forma física. A lo largo del verano del 2002 la mejora física y técnica fue haciendo acto de presencia entre nosotros, pero lo que puede ser que ayudó mucho a seguir con esto fue el estar en contacto directo con la naturaleza, ya que era la BTT, el medio saludable, divertido y ecológico para acercarnos a rincones tan próximos y bonitos de nuestro término municipal. Con la llegada del otoño las horas de sol escaseaban así que nuestras salidas, casi diarias, se convirtieron en salidas de fin de semana esperando la llegada de la primavera del 2003.</div>
<div style="text-align: justify;">2004 ya fue un año más rutero, se organizaron salidas a comarcas como Els Serrans, Alto Palancia, Serra Espadà, Utiel-Requena, Serra de Mariola, Camp de Turia y algunas más. Durante 2005 y 2006 se mantubo lo que significa BTT entre nosotros. PASAR UN BUEN RATO HACIENDO DEPORTE ENTRE NATURALEZA Y AMIGOS.</div>
<div class="separator" style="clear: both; text-align: center;"><a href="http://farnau.webs.upv.es/Garbici/wp-content/uploads/2010/11/MIQUEL2.jpg"><img loading="lazy" decoding="async" class="aligncenter size-full wp-image-1776" title="MIQUEL2" src="http://farnau.webs.upv.es/Garbici/wp-content/uploads/2010/11/MIQUEL2.jpg" alt="" width="615" height="461" srcset="https://garbici.com/Garbici/wp-content/uploads/2010/11/MIQUEL2.jpg 615w, https://garbici.com/Garbici/wp-content/uploads/2010/11/MIQUEL2-300x224.jpg 300w, https://garbici.com/Garbici/wp-content/uploads/2010/11/MIQUEL2-600x450.jpg 600w" sizes="auto, (max-width: 615px) 100vw, 615px" /></a></div>
<div style="text-align: justify;">MIGUEL ANGEL SORIANO RENAU fue quien fundó esta peña y el precursor de la web. Fue construida en el año 2002 cuando por propia iniciativa y después de motivar e iniciar a muchos de nosotros en este deporte de la BTT, deporte que el amaba, como muchos otros que practicaba, como por ejemplo, el senderismo por la naturaleza, un lugar donde el disfrutaba de aire puro, de paisajes y todo aquello que rodea este medio natural.</div>
<div style="text-align: justify;"></div>
<div style="text-align: justify;">Gracias a él, y por él, nosotros seguimos vinculados a la bicicleta.</div>
<div style="text-align: justify;"></div>
<div style="text-align: justify;">Gracias a él por habernos hecho pasar tantos momentos inolvidables allá por donde íbamos.</div>
<div style="text-align: justify;">Todos tenemos el orgullo de tenerlo como amigo, como compañero, por ser una persona como el era, fabuloso en todos los aspectos de la vida, esa clase de amigo que siempre lo quieres a tu lado.</div>
<div style="text-align: justify;"></div>
<div style="text-align: justify;">Porque hasta última hora él fue quien él era, una persona con mucho valor y una grandísima entereza.</div>
<div style="text-align: justify;"></div>
<div style="text-align: justify;">Gracias por todo lo que hiciste por nosotros. Nosotros nunca te olvidaremos.</div>
<div style="text-align: center;"><strong>Allá donde vayamos, siempre estarás junto a nosotros.</strong></div>
<div style="text-align: center;"><strong><br />
</strong></div>
<div style="text-align: center;"><strong>Allá donde vayamos, siempre pedalearás con nosotros.</strong></div>
<div style="text-align: justify;"></div>

<p>GARBICI nació en la primavera de 2002 de un grupo de amigos que nos dió por salir con nuestras biciclesta de montaña por el término municipal de Estivella. Poco a poco fuimos ampliando nuestras salidas siempre dentro de nuestra humilde forma física. A lo largo del verano del 2002 la mejora física y técnica fue&#8230;</p>
