{"id":447,"date":"2011-01-31T16:06:00","date_gmt":"2011-01-31T16:06:00","guid":{"rendered":"http:\/\/www.garbici.com\/?page_id=447"},"modified":"2015-02-08T11:48:44","modified_gmt":"2015-02-08T10:48:44","slug":"mapa-de-rutas","status":"publish","type":"page","link":"https:\/\/garbici.com\/?page_id=447","title":{"rendered":"Mapa de rutas"},"content":{"rendered":"<p style=\"text-align: justify;\">Si pintamos todas nuestras rutas sobre un mismo mapa obtenemos lo que pod\u00e9is ver a continuaci\u00f3n. En este mapa pod\u00e9is encontrar todas nuestras rutas juntas clasificadas mediante un c\u00f3digo de colores en funci\u00f3n de su dureza. Todas estas rutas forma una impresionante red de caminos, sendas y carreteras ciclables con bicicletas de monta\u00f1a.<br \/>\nSe puede ver como nuestras rutas se concentran principlamente en las comarcas valencianas del Camp de Morvedre, Alto Palancia, La Plana Baixa y el Camp de Turia donde nos encontramos los parajes de la <strong>Sierra Calderona<\/strong> y la <strong>Sierra Espad\u00e1n<\/strong>. Adem\u00e1s, tambi\u00e9n tenemos rutas por parajes tan espectaculares como la <strong>Sierra de Javalambre<\/strong>, la <strong>Sierra de Gudar<\/strong>, <strong>La Sierra de Albarrac\u00edn<\/strong>, la <strong>Sierra de Irta<\/strong> y el <strong>Desert de les Palmes<\/strong>.<br \/>\nPinchando sobre cada una de las l\u00edneas puedes consultar las caracter\u00edsticas de la ruta, descargar el track o acceder a la cr\u00f3nica de la misma.<\/p>\n<p><iframe loading=\"lazy\" src=\"https:\/\/www.google.com\/fusiontables\/embedviz?viz=MAP&amp;q=select+col2+from+1970381+&amp;h=false&amp;lat=40.019058834916486&amp;lng=-0.7408675795688779&amp;z=9&amp;t=4&amp;l=col2\" width=\"1000px\" height=\"500px\" scrolling=\"no\"><\/iframe><\/p>\n","protected":false},"excerpt":{"rendered":"<p>Si pintamos todas nuestras rutas sobre un mismo mapa obtenemos lo que pod\u00e9is ver a continuaci\u00f3n. En este mapa pod\u00e9is encontrar todas nuestras rutas juntas clasificadas mediante un c\u00f3digo de colores en funci\u00f3n de su dureza. Todas estas rutas forma una impresionante red de caminos, sendas y carreteras ciclables con bicicletas de monta\u00f1a. Se puede&#8230;<\/p>\n","protected":false},"author":3,"featured_media":0,"parent":0,"menu_order":0,"comment_status":"open","ping_status":"closed","template":"page-template-full.php","meta":{"ngg_post_thumbnail":0,"_kad_post_transparent":"","_kad_post_title":"","_kad_post_layout":"","_kad_post_sidebar_id":"","_kad_post_content_style":"","_kad_post_vertical_padding":"","_kad_post_feature":"","_kad_post_feature_position":"","_kad_post_header":false,"_kad_post_footer":false,"_kad_post_classname":"","jetpack_post_was_ever_published":false,"footnotes":""},"class_list":["post-447","page","type-page","status-publish","hentry"],"jetpack_sharing_enabled":true,"jetpack_shortlink":"https:\/\/wp.me\/P25PoV-7d","jetpack_likes_enabled":true,"_links":{"self":[{"href":"https:\/\/garbici.com\/index.php?rest_route=\/wp\/v2\/pages\/447","targetHints":{"allow":["GET"]}}],"collection":[{"href":"https:\/\/garbici.com\/index.php?rest_route=\/wp\/v2\/pages"}],"about":[{"href":"https:\/\/garbici.com\/index.php?rest_route=\/wp\/v2\/types\/page"}],"author":[{"embeddable":true,"href":"https:\/\/garbici.com\/index.php?rest_route=\/wp\/v2\/users\/3"}],"replies":[{"embeddable":true,"href":"https:\/\/garbici.com\/index.php?rest_route=%2Fwp%2Fv2%2Fcomments&post=447"}],"version-history":[{"count":0,"href":"https:\/\/garbici.com\/index.php?rest_route=\/wp\/v2\/pages\/447\/revisions"}],"wp:attachment":[{"href":"https:\/\/garbici.com\/index.php?rest_route=%2Fwp%2Fv2%2Fmedia&parent=447"}],"curies":[{"name":"wp","href":"https:\/\/api.w.org\/{rel}","templated":true}]}}